[INFO] cloning repository https://github.com/subspace/rust-simulator
[INFO] running `Command { std: "git" "-c" "credential.helper=" "-c" "credential.helper=/workspace/cargo-home/bin/git-credential-null" "clone" "--bare" "https://github.com/subspace/rust-simulator" "/workspace/cache/git-repos/https%3A%2F%2Fgithub.com%2Fsubspace%2Frust-simulator", kill_on_drop: false }`
[INFO] [stderr] Cloning into bare repository '/workspace/cache/git-repos/https%3A%2F%2Fgithub.com%2Fsubspace%2Frust-simulator'...
[INFO] running `Command { std: "git" "rev-parse" "HEAD", kill_on_drop: false }`
[INFO] [stdout] 4cce843368c3fa5b294bd14ae02e6015f2cf7ef1
[INFO] checking subspace/rust-simulator against master#cfbc6d4cf1acbac5c025acf8ed68929caa551df3 for pr-75494-beta
[INFO] running `Command { std: "git" "clone" "/workspace/cache/git-repos/https%3A%2F%2Fgithub.com%2Fsubspace%2Frust-simulator" "/workspace/builds/worker-2/source", kill_on_drop: false }`
[INFO] [stderr] Cloning into '/workspace/builds/worker-2/source'...
[INFO] [stderr] done.
[INFO] validating manifest of git repo https://github.com/subspace/rust-simulator on toolchain cfbc6d4cf1acbac5c025acf8ed68929caa551df3
[INFO] running `Command { std: "/workspace/cargo-home/bin/cargo" "+cfbc6d4cf1acbac5c025acf8ed68929caa551df3" "read-manifest" "--manifest-path" "Cargo.toml", kill_on_drop: false }`
[INFO] removed /workspace/builds/worker-2/source/.cargo/config
[INFO] started tweaking git repo https://github.com/subspace/rust-simulator
[INFO] finished tweaking git repo https://github.com/subspace/rust-simulator
[INFO] tweaked toml for git repo https://github.com/subspace/rust-simulator written to /workspace/builds/worker-2/source/Cargo.toml
[INFO] crate git repo https://github.com/subspace/rust-simulator already has a lockfile, it will not be regenerated
[INFO] running `Command { std: "/workspace/cargo-home/bin/cargo" "+cfbc6d4cf1acbac5c025acf8ed68929caa551df3" "fetch" "--locked" "--manifest-path" "Cargo.toml", kill_on_drop: false }`
[INFO] [stderr]     Blocking waiting for file lock on package cache
[INFO] [stderr]     Updating git repository `https://github.com/subspace/aes-benchmarks.git`
[INFO] [stderr]     Updating git repository `https://github.com/subspace/merkle-tree-binary.rs`
[INFO] [stderr]     Blocking waiting for file lock on package cache
[INFO] [stderr]  Downloading crates ...
[INFO] [stderr]   Downloaded unroll v0.1.4
[INFO] [stderr]   Downloaded aes_frast v0.1.5
[INFO] running `Command { std: "docker" "create" "-v" "/var/lib/crater-agent-workspace/builds/worker-2/target:/opt/rustwide/target:rw,Z" "-v" "/var/lib/crater-agent-workspace/builds/worker-2/source:/opt/rustwide/workdir:ro,Z" "-v" "/var/lib/crater-agent-workspace/cargo-home:/opt/rustwide/cargo-home:ro,Z" "-v" "/var/lib/crater-agent-workspace/rustup-home:/opt/rustwide/rustup-home:ro,Z" "-e" "SOURCE_DIR=/opt/rustwide/workdir" "-e" "CARGO_TARGET_DIR=/opt/rustwide/target" "-e" "CARGO_HOME=/opt/rustwide/cargo-home" "-e" "RUSTUP_HOME=/opt/rustwide/rustup-home" "-w" "/opt/rustwide/workdir" "-m" "1610612736" "--user" "0:0" "--network" "none" "rustops/crates-build-env@sha256:a636fd89d022f18117e1dc8fb37a0a009933cdbbe082814857f0e2024962d47c" "/opt/rustwide/cargo-home/bin/cargo" "+cfbc6d4cf1acbac5c025acf8ed68929caa551df3" "metadata" "--no-deps" "--format-version=1", kill_on_drop: false }`
[INFO] [stdout] d322cec84451c64a2c47fa1163b868ccffc6a132a5677fc557faaaf13d835dc3
[INFO] [stderr] WARNING: Your kernel does not support swap limit capabilities or the cgroup is not mounted. Memory limited without swap.
[INFO] running `Command { std: "docker" "start" "-a" "d322cec84451c64a2c47fa1163b868ccffc6a132a5677fc557faaaf13d835dc3", kill_on_drop: false }`
[INFO] running `Command { std: "docker" "inspect" "d322cec84451c64a2c47fa1163b868ccffc6a132a5677fc557faaaf13d835dc3", kill_on_drop: false }`
[INFO] running `Command { std: "docker" "rm" "-f" "d322cec84451c64a2c47fa1163b868ccffc6a132a5677fc557faaaf13d835dc3", kill_on_drop: false }`
[INFO] [stdout] d322cec84451c64a2c47fa1163b868ccffc6a132a5677fc557faaaf13d835dc3
[INFO] running `Command { std: "docker" "create" "-v" "/var/lib/crater-agent-workspace/builds/worker-2/target:/opt/rustwide/target:rw,Z" "-v" "/var/lib/crater-agent-workspace/builds/worker-2/source:/opt/rustwide/workdir:ro,Z" "-v" "/var/lib/crater-agent-workspace/cargo-home:/opt/rustwide/cargo-home:ro,Z" "-v" "/var/lib/crater-agent-workspace/rustup-home:/opt/rustwide/rustup-home:ro,Z" "-e" "SOURCE_DIR=/opt/rustwide/workdir" "-e" "CARGO_TARGET_DIR=/opt/rustwide/target" "-e" "CARGO_INCREMENTAL=0" "-e" "RUST_BACKTRACE=full" "-e" "RUSTFLAGS=--cap-lints=forbid" "-e" "CARGO_HOME=/opt/rustwide/cargo-home" "-e" "RUSTUP_HOME=/opt/rustwide/rustup-home" "-w" "/opt/rustwide/workdir" "-m" "1610612736" "--user" "0:0" "--network" "none" "rustops/crates-build-env@sha256:a636fd89d022f18117e1dc8fb37a0a009933cdbbe082814857f0e2024962d47c" "/opt/rustwide/cargo-home/bin/cargo" "+cfbc6d4cf1acbac5c025acf8ed68929caa551df3" "check" "--frozen" "--all" "--all-targets" "--message-format=json", kill_on_drop: false }`
[INFO] [stdout] b294a2e7f1a67915e90339e88004ec875b3a75746d4dfe45e6a722f8e1bc4f77
[INFO] [stderr] WARNING: Your kernel does not support swap limit capabilities or the cgroup is not mounted. Memory limited without swap.
[INFO] running `Command { std: "docker" "start" "-a" "b294a2e7f1a67915e90339e88004ec875b3a75746d4dfe45e6a722f8e1bc4f77", kill_on_drop: false }`
[INFO] [stderr]    Compiling libc v0.2.66
[INFO] [stderr]    Compiling autocfg v0.1.7
[INFO] [stderr]    Compiling semver-parser v0.7.0
[INFO] [stderr]    Compiling proc-macro2 v1.0.6
[INFO] [stderr]    Compiling byteorder v1.3.2
[INFO] [stderr]    Compiling typenum v1.11.2
[INFO] [stderr]     Checking scopeguard v1.0.0
[INFO] [stderr]    Compiling memchr v2.2.1
[INFO] [stderr]    Compiling getrandom v0.1.13
[INFO] [stderr]    Compiling ryu v1.0.3
[INFO] [stderr]    Compiling maybe-uninit v2.0.0
[INFO] [stderr]    Compiling proc-macro2 v0.4.30
[INFO] [stderr]     Checking pin-utils v0.1.0-alpha.4
[INFO] [stderr]     Checking ppv-lite86 v0.2.6
[INFO] [stderr]    Compiling semver v0.1.20
[INFO] [stderr]     Checking futures-core v0.3.1
[INFO] [stderr]     Checking either v1.5.3
[INFO] [stderr]    Compiling proc-macro-nested v0.1.3
[INFO] [stderr]    Compiling unicode-xid v0.1.0
[INFO] [stderr]     Checking byte-tools v0.3.1
[INFO] [stderr]     Checking opaque-debug v0.2.3
[INFO] [stderr]     Checking futures-io v0.3.1
[INFO] [stderr]     Checking futures-sink-preview v0.3.0-alpha.19
[INFO] [stderr]     Checking futures-sink v0.3.1
[INFO] [stderr]     Checking rustc-demangle v0.1.16
[INFO] [stderr]    Compiling cl-sys v0.4.2
[INFO] [stderr]     Checking futures-core-preview v0.3.0-alpha.19
[INFO] [stderr]    Compiling syn v0.15.44
[INFO] [stderr]     Checking futures-task v0.3.1
[INFO] [stderr]    Compiling bitintr v0.3.0
[INFO] [stderr]     Checking oorandom v11.1.0
[INFO] [stderr]     Checking futures v0.1.29
[INFO] [stderr]     Checking subtle v2.2.2
[INFO] [stderr]     Checking zeroize v1.1.0
[INFO] [stderr]     Checking aes_frast v0.1.5
[INFO] [stderr]     Checking spin v0.5.2
[INFO] [stderr]     Checking untrusted v0.7.0
[INFO] [stderr]     Checking futures-timer v2.0.2
[INFO] [stderr]     Checking merkle-tree-binary v0.0.1 (https://github.com/subspace/merkle-tree-binary.rs#58cf26a5)
[INFO] [stderr]     Checking lock_api v0.3.3
[INFO] [stderr]    Compiling semver v0.9.0
[INFO] [stderr]     Checking itertools v0.8.2
[INFO] [stderr]     Checking block-padding v0.1.5
[INFO] [stderr]    Compiling rustc_version v0.1.7
[INFO] [stderr]     Checking regex v1.3.5
[INFO] [stderr]     Checking futures-channel v0.3.1
[INFO] [stderr]     Checking futures-channel-preview v0.3.0-alpha.19
[INFO] [stderr]     Checking futures-util-preview v0.3.0-alpha.19
[INFO] [stderr]    Compiling num-traits v0.2.10
[INFO] [stderr]    Compiling crossbeam-utils v0.7.0
[INFO] [stderr]    Compiling crossbeam-epoch v0.8.0
[INFO] [stderr]    Compiling num-integer v0.1.41
[INFO] [stderr]    Compiling num-iter v0.1.39
[INFO] [stderr]    Compiling num-bigint v0.2.3
[INFO] [stderr]     Checking log v0.4.8
[INFO] [stderr]     Checking c2-chacha v0.2.3
[INFO] [stderr]     Checking clap v2.33.0
[INFO] [stderr]    Compiling rustc_version v0.2.3
[INFO] [stderr]    Compiling ocl-core v0.11.2
[INFO] [stderr]     Checking smallvec v0.6.13
[INFO] [stderr]     Checking kv-log-macro v1.0.4
[INFO] [stderr]     Checking regex-automata v0.1.9
[INFO] [stderr]    Compiling num_cpus v1.11.1
[INFO] [stderr]    Compiling jobserver v0.1.21
[INFO] [stderr]    Compiling memoffset v0.5.3
[INFO] [stderr]    Compiling cast v0.2.3
[INFO] [stderr]    Compiling parking_lot_core v0.6.2
[INFO] [stderr]    Compiling parking_lot v0.9.0
[INFO] [stderr]     Checking csv-core v0.1.10
[INFO] [stderr]     Checking rand v0.4.6
[INFO] [stderr]     Checking iovec v0.1.4
[INFO] [stderr]     Checking net2 v0.2.33
[INFO] [stderr]     Checking atty v0.2.13
[INFO] [stderr]     Checking async-task v1.2.1
[INFO] [stderr]    Compiling quote v1.0.2
[INFO] [stderr]    Compiling quote v0.6.13
[INFO] [stderr]     Checking generic-array v0.12.3
[INFO] [stderr]    Compiling cc v1.0.48
[INFO] [stderr]     Checking crossbeam-queue v0.2.1
[INFO] [stderr]     Checking crossbeam-channel v0.4.0
[INFO] [stderr]     Checking rand_core v0.5.1
[INFO] [stderr]     Checking mio v0.6.21
[INFO] [stderr]    Compiling syn v1.0.11
[INFO] [stderr]     Checking block-cipher-trait v0.6.2
[INFO] [stderr]     Checking digest v0.8.1
[INFO] [stderr]     Checking block-buffer v0.7.3
[INFO] [stderr]     Checking criterion-plot v0.4.1
[INFO] [stderr]     Checking rand_chacha v0.2.1
[INFO] [stderr]     Checking num-complex v0.1.43
[INFO] [stderr]     Checking num-traits v0.1.43
[INFO] [stderr]     Checking plotters v0.2.12
[INFO] [stderr]     Checking aes-soft v0.3.3
[INFO] [stderr]     Checking block-modes v0.3.3
[INFO] [stderr]     Checking curve25519-dalek v2.0.0
[INFO] [stderr]     Checking sha2 v0.8.0
[INFO] [stderr]     Checking enum_primitive v0.1.1
[INFO] [stderr]     Checking rand v0.7.2
[INFO] [stderr]     Checking crossbeam-deque v0.7.2
[INFO] [stderr]     Checking broadcaster v0.2.6
[INFO] [stderr]     Checking aes v0.3.2
[INFO] [stderr]     Checking num-bigint v0.1.44
[INFO] [stderr]     Checking rayon-core v1.7.0
[INFO] [stderr]     Checking crossbeam v0.7.3
[INFO] [stderr]     Checking mio-uds v0.6.7
[INFO] [stderr]     Checking qutex v0.2.3
[INFO] [stderr]    Compiling backtrace-sys v0.1.34
[INFO] [stderr]    Compiling clear_on_drop v0.2.3
[INFO] [stderr]    Compiling ring v0.16.9
[INFO] [stderr]    Compiling aes-benchmarks v0.1.0 (https://github.com/subspace/aes-benchmarks.git#8efe9542)
[INFO] [stderr]     Checking rayon v1.3.0
[INFO] [stderr]     Checking num-rational v0.1.42
[INFO] [stderr]     Checking ed25519-dalek v1.0.0-pre.3
[INFO] [stderr]     Checking backtrace v0.3.45
[INFO] [stderr]     Checking num v0.1.42
[INFO] [stderr]     Checking ocl-core-vector v0.1.0
[INFO] [stderr]    Compiling unroll v0.1.4
[INFO] [stderr]    Compiling synstructure v0.12.3
[INFO] [stderr]    Compiling serde_derive v1.0.104
[INFO] [stderr]    Compiling proc-macro-hack v0.5.11
[INFO] [stderr]    Compiling failure_derive v0.1.7
[INFO] [stderr]    Compiling async-attributes v1.1.1
[INFO] [stderr]     Checking async-std v1.4.0
[INFO] [stderr]     Checking failure v0.1.7
[INFO] [stderr]    Compiling futures-macro v0.3.1
[INFO] [stderr]     Checking futures-util v0.3.1
[INFO] [stderr]     Checking ocl v0.19.3
[INFO] [stderr]     Checking futures-executor v0.3.1
[INFO] [stderr]     Checking serde v1.0.104
[INFO] [stderr]     Checking futures v0.3.1
[INFO] [stderr]     Checking bstr v0.2.12
[INFO] [stderr]     Checking serde_json v1.0.48
[INFO] [stderr]     Checking bincode v1.2.1
[INFO] [stderr]     Checking csv v1.1.3
[INFO] [stderr]     Checking tinytemplate v1.0.3
[INFO] [stderr]     Checking criterion v0.3.1
[INFO] [stderr]     Checking rust-simulator v0.1.0 (/opt/rustwide/workdir)
[INFO] [stdout] error[E0382]: use of moved value: `cipher`
[INFO] [stdout]    --> src/crypto.rs:491:21
[INFO] [stdout]     |
[INFO] [stdout] 491 |             s.spawn(move |_| {
[INFO] [stdout]     |                     ^^^^^^^^ value moved into closure here, in previous iteration of loop
[INFO] [stdout] ...
[INFO] [stdout] 498 |                     cipher.decrypt_block(&mut block);
[INFO] [stdout]     |                     ------ use occurs due to use in closure
[INFO] [stdout]     |
[INFO] [stdout]     = note: move occurs because `cipher` has type `aes::Aes256`, which does not implement the `Copy` trait
[INFO] [stdout] 
[INFO] [stdout] 
[INFO] [stdout] error[E0382]: use of moved value: `cipher`
[INFO] [stdout]    --> src/crypto.rs:654:21
[INFO] [stdout]     |
[INFO] [stdout] 654 |             s.spawn(move |_| {
[INFO] [stdout]     |                     ^^^^^^^^ value moved into closure here, in previous iteration of loop
[INFO] [stdout] ...
[INFO] [stdout] 671 |                     cipher.decrypt_blocks(&mut block8);
[INFO] [stdout]     |                     ------ use occurs due to use in closure
[INFO] [stdout]     |
[INFO] [stdout]     = note: move occurs because `cipher` has type `aes::Aes256`, which does not implement the `Copy` trait
[INFO] [stdout] 
[INFO] [stdout] 
[INFO] [stdout] error: aborting due to 2 previous errors
[INFO] [stdout] 
[INFO] [stdout] 
[INFO] [stdout] For more information about this error, try `rustc --explain E0382`.
[INFO] [stdout] 
[INFO] [stderr] error: could not compile `rust-simulator`.
[INFO] [stderr] 
[INFO] [stderr] To learn more, run the command again with --verbose.
[INFO] [stderr] warning: build failed, waiting for other jobs to finish...
[INFO] [stdout] error[E0382]: use of moved value: `cipher`
[INFO] [stdout]    --> src/crypto.rs:491:21
[INFO] [stdout]     |
[INFO] [stdout] 491 |             s.spawn(move |_| {
[INFO] [stdout]     |                     ^^^^^^^^ value moved into closure here, in previous iteration of loop
[INFO] [stdout] ...
[INFO] [stdout] 498 |                     cipher.decrypt_block(&mut block);
[INFO] [stdout]     |                     ------ use occurs due to use in closure
[INFO] [stdout]     |
[INFO] [stdout]     = note: move occurs because `cipher` has type `aes::Aes256`, which does not implement the `Copy` trait
[INFO] [stdout] 
[INFO] [stdout] 
[INFO] [stdout] error[E0382]: use of moved value: `cipher`
[INFO] [stdout]    --> src/crypto.rs:654:21
[INFO] [stdout]     |
[INFO] [stdout] 654 |             s.spawn(move |_| {
[INFO] [stdout]     |                     ^^^^^^^^ value moved into closure here, in previous iteration of loop
[INFO] [stdout] ...
[INFO] [stdout] 671 |                     cipher.decrypt_blocks(&mut block8);
[INFO] [stdout]     |                     ------ use occurs due to use in closure
[INFO] [stdout]     |
[INFO] [stdout]     = note: move occurs because `cipher` has type `aes::Aes256`, which does not implement the `Copy` trait
[INFO] [stdout] 
[INFO] [stdout] 
[INFO] [stdout] error: aborting due to 2 previous errors
[INFO] [stdout] 
[INFO] [stdout] 
[INFO] [stdout] For more information about this error, try `rustc --explain E0382`.
[INFO] [stdout] 
[INFO] [stderr] error: build failed
[INFO] running `Command { std: "docker" "inspect" "b294a2e7f1a67915e90339e88004ec875b3a75746d4dfe45e6a722f8e1bc4f77", kill_on_drop: false }`
[INFO] running `Command { std: "docker" "rm" "-f" "b294a2e7f1a67915e90339e88004ec875b3a75746d4dfe45e6a722f8e1bc4f77", kill_on_drop: false }`
[INFO] [stdout] b294a2e7f1a67915e90339e88004ec875b3a75746d4dfe45e6a722f8e1bc4f77
